29 a multiple of 15?
False
Is 13 a factor of 22456?
False
Does 74 divide 814?
True
Is 87 a multiple of 13?
False
Is 93 a factor of 24965?
False
Is 1460 a multiple of 52?
False
Is 3406 a multiple of 30?
False
Does 87 divide 1993?
False
Is 27 a factor of 827?
False
Is 285 a multiple of 5?
True
Does 3 divide 2661?
True
Is 2 a factor of 658?
True
Is 17390 a multiple of 32?
False
Is 11058 a multiple of 194?
True
Is 1824 a multiple of 48?
True
Does 47 divide 8886?
False
Is 18 a factor of 55832?
False
Is 88 a factor of 19360?
True
Does 2 divide 350?
True
Is 11 a factor of 2144?
False
Is 5 a factor of 23314?
False
Is 2783 a multiple of 11?
True
Is 30 a factor of 630?
True
Is 255 a multiple of 29?
False
Does 12 divide 3768?
True
Does 127 divide 254?
True
Is 4 a factor of 948?
True
Is 68 a factor of 3876?
True
Is 17 a factor of 3806?
False
Is 1861 even?
False
Is 25 a factor of 800?
True
Is 6 a factor of 115?
False
Does 77 divide 2221?
False
Is 460 a multiple of 79?
False
Does 13 divide 25576?
False
Is 34217 a multiple of 165?
False
Is 7 a factor of 6452?
False
Is 24346 a multiple of 37?
True
Is 6 a factor of 7663?
False
Is 183 a factor of 27267?
True
Does 55 divide 79585?
True
Does 4 divide 14076?
True
Does 51 divide 19941?
True
Is 3 a factor of 7690?
False
Is 35692 a multiple of 21?
False
Is 1826 a multiple of 28?
False
Is 18 a factor of 249?
False
Is 1688 a multiple of 12?
False
Does 9 divide 24?
False
Is 54 a multiple of 3?
True
Is 23 a factor of 876?
False
Does 6 divide 135?
False
Is 38 a factor of 2024?
False
Is 71 a multiple of 62?
False
Is 3 a factor of 83?
False
Is 1197 a multiple of 33?
False
Is 5 a factor of 3355?
True
Does 11 divide 649?
True
Is 9804 a multiple of 29?
False
Does 83 divide 7885?
True
Does 11 divide 621?
False
Does 17 divide 9129?
True
Is 7248 a multiple of 24?
True
Is 8739 a multiple of 7?
False
Is 4 a factor of 32?
True
Is 37 a factor of 11766?
True
Does 5 divide 12400?
True
Does 45 divide 853?
False
Does 40 divide 960?
True
Does 23 divide 39307?
True
Is 7401 a multiple of 2?
False
Is 15 a factor of 2842?
False
Is 6734 a multiple of 13?
True
Is 60 a multiple of 10?
True
Does 75 divide 1977?
False
Is 45 a factor of 2520?
True
Is 625 a multiple of 5?
True
Is 20998 a multiple of 25?
False
Does 216 divide 22032?
True
Does 9 divide 2410?
False
Does 47 divide 23030?
True
Is 7 a factor of 4403?
True
Does 15 divide 1380?
True
Is 2046 a multiple of 66?
True
Is 28 a factor of 80998?
False
Does 10 divide 3010?
True
Does 3 divide 14071?
False
Does 14 divide 21569?
False
Does 7 divide 21497?
True
Does 28 divide 1456?
True
Is 126518 a multiple of 98?
True
Is 36 a factor of 17352?
True
Is 952 a multiple of 28?
True
Is 1688 a multiple of 88?
False
Is 1100 a multiple of 44?
True
Does 10 divide 4093?
False
Is 974 a multiple of 35?
False
Does 20 divide 151595?
False
Is 2475 a multiple of 9?
True
Is 74 a factor of 1405?
False
Does 254 divide 2032?
True
Is 10 a factor of 10?
True
Is 1517 a multiple of 37?
True
Is 114 a multiple of 10?
False
Does 228 divide 7296?
True
Does 12 divide 946?
False
Is 22 a factor of 3907?
False
Is 6321 a multiple of 21?
True
Is 493 a multiple of 29?
True
Is 1543 a multiple of 15?
False
Is 21252 a multiple of 46?
True
Is 28 a factor of 24024?
True
Does 111 divide 1092?
False
Does 11 divide 84151?
False
Is 4860 a multiple of 324?
True
Is 910 a multiple of 70?
True
Does 95 divide 6175?
True
Is 10400 a multiple of 32?
True
Is 61 even?
False
Does 9 divide 1948?
False
Is 51 a factor of 63?
False
Is 222 a factor of 10493?
False
Is 683 a multiple of 5?
False
Is 8822 a multiple of 22?
True
Is 28 a factor of 35946?
False
Is 43 a factor of 349?
False
Is 32 a multiple of 18?
False
Is 63003 a multiple of 21?
False
Is 1116 a multiple of 18?
True
Is 33 a factor of 7392?
True
Is 4607 a multiple of 15?
False
Is 8004 a multiple of 46?
True
Does 9 divide 1059?
False
Does 14 divide 378?
True
Does 23 divide 1403?
True
Does 203 divide 878?
False
Does 6 divide 770?
False
Does 46 divide 12725?
False
Is 1242 a multiple of 46?
True
Is 151051 a multiple of 45?
False
Does 48 divide 528?
True
Does 4 divide 380?
True
Is 10176 a multiple of 64?
True
Is 42 a factor of 21714?
True
Is 8568 a multiple of 18?
True
Is 41 a factor of 15744?
True
Is 340 a multiple of 6?
False
Is 25 a factor of 25?
True
Is 5 a factor of 1675?
True
Is 14831 a multiple of 69?
False
Is 1957 a multiple of 19?
True
Does 3 divide 4866?
True
Does 33 divide 231?
True
Is 403 a multiple of 13?
True
Does 20 divide 9300?
True
Is 8 a factor of 1243?
False
Does 4 divide 4413?
False
Is 25165 a multiple of 5?
True
Is 742 a multiple of 29?
False
Is 31 a factor of 1240?
True
Is 1260 a multiple of 18?
True
Does 33 divide 5266?
False
Is 53 a factor of 43566?
True
Does 78 divide 8346?
True
Is 15665 a multiple of 17?
False
Is 26 a factor of 2444?
True
Is 83 a factor of 2324?
True
Is 34 a factor of 1088?
True
Does 12 divide 2926?
False
Is 24 a factor of 560?
False
Is 136 a multiple of 20?
False
Is 6 a factor of 3598?
False
Does 11 divide 2442?
True
Is 880 a multiple of 16?
True
Is 15 a factor of 11740?
False
Is 22 a factor of 4300?
False
Is 1590 a multiple of 15?
True
Is 187 a multiple of 11?
True
Is 11 a factor of 3883?
True
Is 33 a factor of 5676?
True
Is 2871 a multiple of 10?
False
Does 7 divide 938?
True
Does 25 divide 8600?
True
Does 30 divide 434?
False
Is 179 a factor of 13246?
True
Is 6873 a multiple of 15?
False
Is 1622 a multiple of 17?
False
Is 50 a factor of 4950?
True
Does 12 divide 883?
False
Is 37 a factor of 1602?
False
Is 8 a factor of 12088?
True
Is 45387 a multiple of 6?
False
Is 4935 a multiple of 14?
False
Is 4455 a multiple of 11?
True
Does 12 divide 1581?
False
Does 22 divide 858?
True
Is 1077 a multiple of 27?
False
Is 8 a factor of 813?
False
Is 1110 a multiple of 185?
True
Does 58 divide 62406?
False
Is 2 a factor of 24?
True
Is 2663 a multiple of 11?
False
Is 10 a factor of 9343?
False
Does 5 divide 12870?
True
Is 67 a multiple of 32?
False
Does 139 divide 47587?
False
Is 120 a multiple of 10?
True
Is 28 a factor of 1176?
True
Is 4101 a multiple of 81?
False
Is 63 a factor of 2268?
True
Is 7 a factor of 105?
True
Does 33 divide 396?
True
Does 22 divide 659?
False
Is 3739 a multiple of 156?
False
Does 4 divide 790?
False
Is 2745 a multiple of 7?
False
Is 9715 a multiple of 29?
True
Is 851 a multiple of 9?
False
Does 24 divide 3120?
True
Does 8 divide 1648?
True
Is 22919 a multiple of 41?
True
Is 11 a factor of 11816?
False
Does 3 divide 286?
False
Does 6 divide 259?
False
Is 932 a multiple of 34?
False
Is 42 a factor of 150?
False
Is 47 a factor of 85658?
False
Is 114 a factor of 26904?
True
Is 16 a factor of 2512?
True
Is 10 a factor of 41339?
False
Does 4 divide 2088?
True
Is 70 a factor of 288?
False
Is 124 a multiple of 13?
False
Is 6 a factor of 7002?
True
Is 360 a multiple of 12?
True
Is 37 a factor of 3063?
False
Does 8 divide 64?
True
Is 406 a multiple of 7?
True
Does 20 divide 306?
False
Is 17037 a multiple of 27?
True
Is 20 a factor of 2000?
True
Is 374 a multiple of 11?
True
Does 3 divide 9170?
False
Is 3916 a multiple of 40?
False
Does 7 divide 9226?
True
Is 3 a factor of 1389?
True
Does 26 divide 3034?
False
Does 34 divide 2877?
False
Is 6188 a multiple of 14?
True
Does 123 divide 1479?
False
Is 110 a factor of 26952?
False
Is 300 a multiple of 4?
True
Is 72 a factor of 97?
False
Is 4 a factor of 325?
False
Is 112 a multiple of 16?
True
Is 45329 a multiple of 133?
False
Is 16 a factor of 899?
False
Does 18 divide 1424?
False
Does 17 divide 187?
True
Is 26 a factor of 1196?
True
Does 15 divide 91?
False
Is 14 a factor of 1848?
True
Does 14 divide 2142?
True
Is 15 a factor of 6436?
False
Is 97 a factor of 20545?
False
Does 13 divide 50504?
False
Does 45 divide 270?
True
Does 27 divide 3237?
False
Is 30 even?
True
Is 33 a factor of 33508?
False
Is 7 a factor of 530?
False
Is 1080 a multiple of 45?
True
Is 589 a multiple of 11?
False
Is 593 a multiple of 17?
False
Is 974 a multiple of 32?
False
Is 5 a factor of 695?
True
Does 87 divide 20619?
True
Is 105536 a multiple of 34?
True
Is 83 a factor of 7968?
True
Is 4044 a multiple of 11?
False
Is 9 a factor of 2509?
False
Is 255 a multiple of 51?
True
Is 192 a multiple of 14?
False
Is 1824 a multiple of 48?
Tru